{"id":14538,"date":"2021-04-18T21:32:43","date_gmt":"2021-04-18T19:32:43","guid":{"rendered":"http:\/\/spinnradl.it.w017eebf.kasserver.com\/wordpress-2020\/produkt\/psairer-sarner-hias\/"},"modified":"2021-05-17T18:15:22","modified_gmt":"2021-05-17T16:15:22","slug":"psairer-sarner-hias","status":"publish","type":"product","link":"https:\/\/spinnradl.it\/it\/produkt\/psairer-sarner-hias\/","title":{"rendered":"Psairer Sarner HIAS"},"content":{"rendered":"<p>Tradizione ed innovazione. Questa giacca Sarner non ha pi\u00f9 molto a che fare con l\u2019originale. Ed \u00e8 proprio ci\u00f2 che ti piace? Allora questa giacca in Sarner STILE PARKA \u00e8 proprio ci\u00f2 che fa per te. Taglio leggermente oversize, con 2 taschini e 2 tasche, \u00e8 incredibilmente comoda. La lunghezza \u00e8 fantastica per le giornate fredde, poich\u00e9 offre una protezione ideale. Questo capo Sarner \u00e8 completamente foderato ed altamente confortevole. Modello con cerniera nascosta. Sar\u00e0 il tuo accompagnatore, soprattutto nelle giornate fredde, per tutta la vita.<\/p>\n<p>Tutte le giacche sono dei pezzi unici, originali, di alta qualit\u00e0 artigianale e confezionati nella nostra sartoria, con consulenza personale e prima prova.<\/p>\n<p>Fissa un appuntamento e lasciati inspirare dalla magia che uomo\/donna sono in grado di creare con una giacca a maglia tradizionale.<\/p>\n<p>Dettagli\/informazioni aggiuntive: giacca a maglia uomo, taglia Parka, cappuccio alto, taschino, tasche, maniche foderate, cerniera nascosta, fodera di cotone e taschino interno.<\/p>\n<p>&nbsp;<\/p>","protected":false},"excerpt":{"rendered":"<p>Cappotto lavorato a maglia &#8220;Sarner&#8221; in stile Parka per uomini<\/p>\n<p><em>Solo ordinazione con lavoro su misura<\/em><\/p>\n","protected":false},"featured_media":12354,"comment_status":"closed","ping_status":"closed","template":"","meta":[],"product_brand":[],"product_cat":[319,314],"product_tag":[],"class_list":{"0":"post-14538","1":"product","2":"type-product","3":"status-publish","4":"has-post-thumbnail","6":"product_cat-maglione-psairer-sarner-it","7":"product_cat-uomo","9":"first","10":"outofstock","11":"shipping-taxable","12":"purchasable","13":"product-type-simple"},"_links":{"self":[{"href":"https:\/\/spinnradl.it\/it\/wp-json\/wp\/v2\/product\/14538","targetHints":{"allow":["GET"]}}],"collection":[{"href":"https:\/\/spinnradl.it\/it\/wp-json\/wp\/v2\/product"}],"about":[{"href":"https:\/\/spinnradl.it\/it\/wp-json\/wp\/v2\/types\/product"}],"replies":[{"embeddable":true,"href":"https:\/\/spinnradl.it\/it\/wp-json\/wp\/v2\/comments?post=14538"}],"wp:featuredmedia":[{"embeddable":true,"href":"https:\/\/spinnradl.it\/it\/wp-json\/wp\/v2\/media\/12354"}],"wp:attachment":[{"href":"https:\/\/spinnradl.it\/it\/wp-json\/wp\/v2\/media?parent=14538"}],"wp:term":[{"taxonomy":"product_brand","embeddable":true,"href":"https:\/\/spinnradl.it\/it\/wp-json\/wp\/v2\/product_brand?post=14538"},{"taxonomy":"product_cat","embeddable":true,"href":"https:\/\/spinnradl.it\/it\/wp-json\/wp\/v2\/product_cat?post=14538"},{"taxonomy":"product_tag","embeddable":true,"href":"https:\/\/spinnradl.it\/it\/wp-json\/wp\/v2\/product_tag?post=14538"}],"curies":[{"name":"wp","href":"https:\/\/api.w.org\/{rel}","templated":true}]}}

<p>Tradizione ed innovazione. Questa giacca Sarner non ha più molto a che fare con l’originale. Ed è proprio ciò che ti piace? Allora questa giacca in Sarner STILE PARKA è proprio ciò che fa per te. Taglio leggermente oversize, con 2 taschini e 2 tasche, è incredibilmente comoda. La lunghezza è fantastica per le giornate fredde, poiché offre una protezione ideale. Questo capo Sarner è completamente foderato ed altamente confortevole. Modello con cerniera nascosta. Sarà il tuo accompagnatore, soprattutto nelle giornate fredde, per tutta la vita.</p>
<p>Tutte le giacche sono dei pezzi unici, originali, di alta qualità artigianale e confezionati nella nostra sartoria, con consulenza personale e prima prova.</p>
<p>Fissa un appuntamento e lasciati inspirare dalla magia che uomo/donna sono in grado di creare con una giacca a maglia tradizionale.</p>
<p>Dettagli/informazioni aggiuntive: giacca a maglia uomo, taglia Parka, cappuccio alto, taschino, tasche, maniche foderate, cerniera nascosta, fodera di cotone e taschino interno.</p>
<p>&nbsp;</p>
